st the prime factors of 507171.
3, 7, 24151
List the prime factors of 20960719.
13, 1612363
List the prime factors of 350347.
350347
What are the prime factors of 2415636?
2, 3, 22367
What are the prime factors of 204493?
17, 23, 523
What are the prime factors of 428844?
2, 3, 13, 2749
What are the prime factors of 673217?
17, 199
List the prime factors of 13661708.
2, 3415427
What are the prime factors of 871330?
2, 5, 87133
What are the prime factors of 17362254?
2, 3, 7, 13, 31799
List the prime factors of 2456777.
269, 9133
What are the prime factors of 233308?
2, 17, 47, 73
List the prime factors of 266341.
113, 2357
What are the prime factors of 12535812?
2, 3, 348217
What are the prime factors of 24878015?
5, 433, 11491
What are the prime factors of 716558?
2, 358279
What are the prime factors of 26640589?
29, 918641
What are the prime factors of 962144?
2, 107, 281
List the prime factors of 28013.
109, 257
List the prime factors of 2822341.
151, 18691
List the prime factors of 635730.
2, 3, 5, 21191
What are the prime factors of 4968095?
5, 11, 59, 1531
List the prime factors of 4592075.
5, 183683
List the prime factors of 74181.
3, 79, 313
What are the prime factors of 557162?
2, 278581
List the prime factors of 2858511.
3, 43, 22159
What are the prime factors of 417580?
2, 5, 20879
List the prime factors of 986805.
3, 5, 21929
List the prime factors of 128454.
2, 3, 79, 271
What are the prime factors of 812589?
3, 439, 617
What are the prime factors of 258862?
2, 347, 373
List the prime factors of 51685.
5, 10337
What are the prime factors of 339936?
2, 3, 3541
List the prime factors of 1290779.
7, 97, 1901
What are the prime factors of 236417?
19, 23, 541
What are the prime factors of 1059799?
13, 6271
What are the prime factors of 8727998?
2, 41, 163, 653
List the prime factors of 126692.
2, 19, 1667
What are the prime factors of 595779?
3, 198593
What are the prime factors of 8396697?
3, 2798899
List the prime factors of 1831047.
3, 139, 4391
List the prime factors of 11987891.
11987891
List the prime factors of 7748975.
5, 13, 113, 211
List the prime factors of 303903.
3, 33767
List the prime factors of 880151.
880151
List the prime factors of 3757303.
11, 23, 14851
What are the prime factors of 29156412?
2, 3, 19, 41, 3119
List the prime factors of 7033976.
2, 879247
List the prime factors of 365114.
2, 311, 587
What are the prime factors of 3907910?
2, 5, 390791
List the prime factors of 962977.
19, 50683
What are the prime factors of 515087?
515087
List the prime factors of 297664.
2, 4651
List the prime factors of 715697.
31, 23087
What are the prime factors of 749288?
2, 229, 409
List the prime factors of 3922572.
2, 3, 326881
List the prime factors of 757773.
3, 269, 313
What are the prime factors of 3546812?
2, 17, 43, 1213
List the prime factors of 147087.
3, 59, 277
List the prime factors of 368886.
2, 3, 7, 8783
List the prime factors of 70689.
3, 23563
List the prime factors of 2698450.
2, 5, 29, 1861
List the prime factors of 9619376.
2, 13, 103, 449
List the prime factors of 8963149.
13, 331, 2083
List the prime factors of 4326107.
569, 7603
List the prime factors of 2093990.
2, 5, 19, 103, 107
What are the prime factors of 4708175?
5, 83, 2269
What are the prime factors of 2897059?
11, 263369
List the prime factors of 24108901.
103, 234067
What are the prime factors of 3684311?
3684311
What are the prime factors of 655190?
2, 5, 65519
List the prime factors of 3783037.
61, 62017
List the prime factors of 2094223.
157, 13339
What are the prime factors of 10111812?
2, 3, 23, 36637
What are the prime factors of 9377279?
19, 493541
List the prime factors of 5633308.
2, 29, 48563
List the prime factors of 7413778.
2, 3706889
List the prime factors of 16553293.
16553293
What are the prime factors of 4275797?
4275797
What are the prime factors of 1381661?
19, 72719
List the prime factors of 442904.
2, 7, 11, 719
List the prime factors of 1118207.
19, 229, 257
What are the prime factors of 408383?
47, 8689
List the prime factors of 3914736.
2, 3, 7, 61, 191
List the prime factors of 12658101.
3, 211, 19997
What are the prime factors of 237144?
2, 3, 41, 241
List the prime factors of 121741.
53, 2297
What are the prime factors of 2460258?
2, 3, 103, 1327
List the prime factors of 317400.
2, 3, 5, 23
What are the prime factors of 141198?
2, 3, 101, 233
What are the prime factors of 18865496?
2, 13, 181399
What are the prime factors of 9557244?
2, 3, 88493
List the prime factors of 23527991.
23527991
List the prime factors of 6148080.
2, 3, 5, 8539
List the prime factors of 251227.
29, 8663
What are the prime factors of 10423770?
2, 3, 5, 7, 1013
What are the prime factors of 318307?
11, 19, 1523
List the prime factors of 1378634.
2, 689317
List the prime factors of 1126471.
17, 23, 43, 67
List the prime factors of 6060857.
11, 17, 32411
What are the prime factors of 33778969?
7, 911, 5297
List the prime factors of 732334.
2, 366167
List the prime factors of 406239.
3, 19, 7127
What are the prime factors of 536083?
31, 17293
List the prime factors of 733666.
2, 19, 43, 449
What are the prime factors of 375334?
2, 67, 2801
What are the prime factors of 1631753?
809, 2017
What are the prime factors of 847451?
11, 77041
List the prime factors of 958991.
11, 87181
List the prime factors of 217794.
2, 3, 36299
List the prime factors of 234120.
2, 3, 5, 1951
List the prime factors of 2708554.
2, 139, 9743
What are the prime factors of 2716715?
5, 19, 28597
List the prime factors of 4863849.
3, 1621283
What are the prime factors of 4379597?
4379597
What are the prime factors of 9796967?
877, 11171
List the prime factors of 1185855.
3, 5, 11, 7187
List the prime factors of 70706.
2, 35353
What are the prime factors of 6940?
2, 5, 347
What are the prime factors of 8039864?
2, 7, 143569
What are the prime factors of 4823481?
3, 13, 337, 367
What are the prime factors of 9214202?
2, 19, 242479
List the prime factors of 23364824.
2, 7, 31, 43, 313
List the prime factors of 5334141.
3, 17, 41, 2551
List the prime factors of 1997696.
2, 15607
What are the prime factors of 751042?
2, 23, 29, 563
List the prime factors of 4757030.
2, 5, 19, 25037
What are the prime factors of 2429599?
2429599
List the prime factors of 1047289.
1047289
What are the prime factors of 1121112?
2, 3, 23, 677
What are the prime factors of 19406255?
5, 11, 352841
What are the prime factors of 17279380?
2, 5, 389, 2221
List the prime factors of 13534713.
3, 149, 10093
List the prime factors of 620478.
2, 3, 34471
What are the prime factors of 147891?
3, 49297
List the prime factors of 7146884.
2, 1786721
List the prime factors of 632527.
7, 109, 829
What are the prime factors of 727009?
727009
What are the prime factors of 3539789?
11, 321799
What are the prime factors of 124538?
2, 73, 853
What are the prime factors of 15845834?
2, 53, 149489
List the prime factors of 242208.
2, 3, 29
What are the prime factors of 25903963?
25903963
What are the prime factors of 187805?
5, 37561
What are the prime factors of 309413?
13, 23801
What are the prime factors of 202880?
2, 5, 317
What are the prime factors of 121689?
3, 4507
What are the prime factors of 4314548?
2, 7, 22013
What are the prime factors of 8621719?
269, 32051
List the prime factors of 135420.
2, 3, 5, 37, 61
List the prime factors of 5087971.
7, 726853
What are the prime factors of 1108?
2, 277
What are the prime factors of 969281?
41, 47, 503
What are the prime factors of 2023721?
7, 289103
What are the prime factors of 399516?
2, 3, 13, 197
What are the prime factors of 280284?
2, 3, 23357
List the prime factors of 197327.
13, 43, 353
What are the prime factors of 164714?
2, 11, 7487
List the prime factors of 383375.
5, 3067
List the prime factors of 232642.
2, 293, 397
What are the prime factors of 495990?
2, 3, 5, 11, 167
List the prime factors of 119074.
2, 29, 2053
List the prime factors of 16658417.
23, 167, 4337
List the prime factors of 2523292.
2, 630823
List the prime factors of 347879.
7, 49697
List the prime factors of 1053665.
5, 359, 587
List the prime factors of 9884547.
3, 337, 3259
What are the prime factors of 10203?
3, 19, 179
List the prime factors of 1873933.
1051, 1783
What are th